= -z + 23, -z + 4*z = -3*m + 87. Let y = 8352 - 17810. Is y*1/(-2) - z/(-8) prime?
True
Suppose -5*p + 5*w + 551320 = 0, -384973 = -4*p + 2*w + 56077. Is p a composite number?
False
Let t = -30 + 35. Suppose 1011 - 5806 = -t*i. Is i prime?
False
Let t be -2*((-16)/12 + 2/6). Let m(y) = 175*y**3 - 6*y**2 + 9*y - 1. Is m(t) prime?
False
Suppose -5*z = 0, -5*z + z = -f. Suppose -2*k + 4*y + 28566 = f, -7*k = -5*k - y - 28563. Is k composite?
False
Suppose 17*f = 21*f, 19937 = c + 2*f. Is c composite?
False
Suppose 3318077 + 1459374 = 49*o. Is o prime?
True
Let o be 1454 + 1 + (1 - -1). Suppose o = -s + 5359. Is s composite?
True
Suppose -27*a = -178 - 173. Suppose a*t = 8*t + 6065. Is t a prime number?
True
Let f(d) = -d**3 - 15*d**2 + 16*d + 17. Let k(y) = 2*y**3 + 31*y**2 - 32*y - 35. Let n(p) = -5*f(p) - 2*k(p). Let a be n(-10). Let b = a - 194. Is b prime?
True
Let r be 44/(-2 - 0) + 0. Let t be r/(-12) - 2/(-12). Suppose t*s - 300 = 82. Is s a prime number?
True
Is (-24)/(-2) - 14 - -48381 a composite number?
True
Let v = -10304 - -34165. Is v prime?
False
Suppose 38*b + 2082662 = 5666784. Is b prime?
False
Suppose -4*l + 36*k = 35*k + 24, -3*l - 2*k - 7 = 0. Let d(o) = -158*o + 25. Let v(y) = 157*y - 24. Let u(i) = 7*d(i) + 6*v(i). Is u(l) composite?
True
Suppose 6*k - 20*k - 39917 = -q - 13*k, -2*k = 0. Is q prime?
False
Let x(n) = -n**3 + 19*n**2 + 29*n - 55. Let y be x(19). Let b = y + 865. Is b a prime number?
True
Let n(v) be the second derivative of 19*v**4 - v**3/2 + 4*v**2 + 220*v. Is n(3) a composite number?
True
Is ((-1)/3)/(75/(-22963275)) prime?
True
Let u(g) = 4*g**3 + 47*g**2 - 51*g + 989. Is u(34) prime?
True
Suppose 5*d - 6472334 = -3*s + 1016643, 5*d - 3*s = 7489013. Is d prime?
True
Suppose 19517 = v - n, 5738 + 52799 = 3*v + 4*n. Let k = v - 10204. Is k prime?
True
Let n = 47 + -41. Suppose n*p + 4754 = -6202. Let g = -1129 - p. Is g prime?
False
Suppose 4*x + 24 = 0, -13*x - 108417 = -3*b - 10*x. Is b a composite number?
True
Is (919561/(-74))/(2/(-4)) composite?
True
Is (-169982255)/111*3/(-5) a prime number?
True
Let h be (-3)/(-45)*-3 + (-175605)/(-25). Let q = h - -5659. Is q prime?
False
Let v be (6 + -14 - -8) + (-2 - 0). Is (-4)/8*-8402 - 0/v a composite number?
False
Let k be (3/((-15)/(-788)))/((-14)/140). Let c = -33 - k. Let p = c + -330. Is p a composite number?
False
Let x = 185087 + -59470. Is x a composite number?
False
Is 8*(-5)/10 + (-20998581)/(-29) prime?
False
Let c(n) = 48*n**2 + 7*n + 66*n**2 + 27*n**2 + 160 - 161 - 34*n**2. Is c(-3) a prime number?
True
Let q = 30113 + -8346. Is q a prime number?
True
Let r = 54 + -53. Let k be ((-6)/(-9))/(r*(-2)/(-9)). Suppose 0 = -5*s - 25, k*v - 6*v + s = -2870. Is v prime?
False
Suppose -12046337 - 12146145 + 5142946 = -64*o. Is o composite?
True
Let n = 1538 - 1539. Let x(i) be the first derivative of -331*i**2/2 - 1. Is x(n) a prime number?
True
Suppose 68 = 3*v + 5*w, -3*v + 4*w + 85 = -1. Suppose -v*i + 27366 = -36568. Is i a composite number?
False
Let t(j) = 25*j**2 + 62*j - 57. Let l be t(-22). Let q = l - 7612. Is q a composite number?
False
Suppose 0 = 2*i + 285 + 261. Suppose 5*t = 2*z + 13, 3*z - 4*t + 11 = 2*z. Is (i + z/(-1))/(4/(-22)) a composite number?
True
Let k(a) = 4*a + 2561. Let t be (7 - -5)/((-3)/(3/(-2))). Let c(g) = 2*g - 12. Let h be c(t). Is k(h) a composite number?
True
Suppose 4*u - 1457 = -1461, -b = -4*u - 1319195. Is b composite?
False
Suppose -24*r + 247248 = -6*r. Suppose 0 = 10*v + r - 89826. Is v prime?
False
Let o(l) = -l**3 + 8*l**2 + 39*l - 12. Let z be o(12). Is z/420 - 8059/(-7) a prime number?
True
Let s(d) = -66648*d**3 - 49*d**2 - 44*d + 4. Is s(-1) composite?
True
Suppose -5*b = 133*l - 137*l - 11101, -2 = -2*l. Is b a prime number?
True
Let f be (0/(12/(-3)))/(0 + -8 - -6). Let b be (-16787)/(-3) + 4/(-6). Suppose 4*j - j - b = f. Is j composite?
True
Let o be (-1325)/275 - 1*(-4)/(-22). Suppose p = -3*t + 460, 3*p + 0*t - 1362 = -3*t. Is p/2 + o/(-10) prime?
False
Suppose 69*r + 58*r = 111*r + 6728624. Is r a composite number?
True
Suppose -47*x + 270 = -37*x. Suppose -3187 = x*k - 11152. Is k a composite number?
True
Suppose -4*q - 6 = 2*b, b + 2*q + 28 = 5*b. Let y(j) = 45*j**2 + 3*j + 11. Is y(b) prime?
True
Let h = -1928247 - -2758958. Is h composite?
True
Suppose 3*g = 2*z - 296558, 0 = -13*g + 17*g. Is z a composite number?
False
Let n(u) = -13*u - 32. Let q be n(-9). Suppose -q*j + 88*j = 7716. Suppose 0 = 8*r - 1708 - j. Is r prime?
False
Let l(y) = -24517*y**3 + 10*y**2 - 7*y - 8. Is l(-3) a composite number?
True
Let m(g) = -2*g**3 - 24*g**2 - 12*g + 73. Let b(u) = u**3 + 34*u**2 + 3*u + 84. Let d be b(-34). Is m(d) a prime number?
True
Let w(v) = v**3 - 44*v**2 + 60*v + 92. Let b be w(43). Let u = -506 + b. Is u composite?
False
Suppose 44*z - 9 = 47*z. Let u(o) = -777*o + 2. Is u(z) prime?
True
Suppose 152 - 2 = 5*y. Let q = y - 26. Suppose 2*g = 2*p - q*p + 422, -g = 5*p - 211. Is g prime?
True
Suppose i + 8 = 0, -140*v + 3*i = -135*v - 3101959. Is v a composite number?
True
Is (-32927334)/(-165) + 15/(-25) prime?
True
Suppose 1336 = -l + 3*l. Let t = -3065 + 3522. Let n = l - t. Is n a composite number?
False
Let d(r) = -r**3 - 88*r**2 + 26*r - 48. Is d(-91) a prime number?
False
Let a be 65/(-26) - 3/(-2). Let o be (1 - 2)*2 + a. Is -4 - (195/o - -4) a prime number?
False
Let a = 49 - 36. Suppose 0 = a*z - 5*z - 10312. Let p = 2196 - z. Is p a prime number?
True
Let y = -247 + 402. Suppose p = 67 + y. Suppose -4*n = 2*n - p. Is n a composite number?
False
Suppose 31*h - 93*h = -1793474. Is h a prime number?
True
Let j(y) = 3796*y + 1. Let d be j(2). Let c = d - 4364. Is c composite?
False
Let p = 5 - -30. Let f(u) = u**3 + 10*u**2 + 4*u - 17. Let v be f(-7). Let a = v - p. Is a composite?
False
Let j be 2*((-860)/8)/(-5). Suppose 0 = w - c - 1385, 5*w - 4*c - 6966 = -j. Is w composite?
True
Let a be 11904/(-9)*10*(-15)/(-20). Let p = a + 14247. Is p prime?
True
Is 42056027/91 + 24/28 composite?
True
Let n(p) = -6*p**2 + 10*p + 6*p**2 + 2*p**3 - 8*p**2 - 4*p**2 + 16. Let y be n(7). Let r = 7 + y. Is r a prime number?
True
Let l(j) = j**3 + 5*j**2 + 6*j + 8. Let q be l(-4). Suppose -c - 8*c + 21699 = q. Is c a composite number?
False
Let t = 23 + -18. Suppose 4*k = b - 26 + 4, -t*b - 10 = 4*k. Is (3 - 2)*(-2 - 17*k) a prime number?
True
Let p = 315233 + 61716. Is p composite?
False
Let u(y) = 2*y**3 + 9*y**2 + 3*y - 1. Let b be u(-4). Is (3/(-9) - 0)*b*-8197 a composite number?
True
Let p(o) = -33*o**2 + 3*o + 32983. Is p(0) a composite number?
False
Let t(i) = 72*i - 637. Is t(87) prime?
False
Let z(q) = 367*q + 280. Is z(37) prime?
True
Let a = -132 + 137. Suppose -24293 = -a*p + 3*b, 2502 = -4*p - 4*b + 21962. Is p a prime number?
True
Let h be ((-12)/21)/((-16)/56). Suppose -1274 = h*n + 616. Let f = 1580 + n. Is f a prime number?
False
Let n(s) be the second derivative of 391*s**3/6 + 21*s**2/2 - s + 2. Is n(4) composite?
True
Let f be 4 + (-36)/((-54)/(-6)). Suppose 26*u - 5*u - 382557 = f. Is u composite?
False
Suppose 107*b - 104*b = 18093. Suppose 9*q - b - 3815 = 0. Is q prime?
False
Is -19 + 4 + 2 + 1232 a composite number?
True
Is (24 + -26)/(900557/2701797 - (-2)/(-6)) a prime number?
True
Suppose 0 = 33*j - 5*j - 980. Is (-28)/j + 8549/5 a composite number?
False
Is ((9/27)/1)/((2/5258643)/2) a prime number?
False
Suppose -4*w = 3*i - 30556, 18152 = 3*w + i - 4765. Is w a composite number?
False
Suppose -66*c + 60*c = -24. Suppose 0 = 4*o - 2*i + 5*i - 32146, -c*o + 5*i = -32130. Is o a composite number?
True
Let n(z) = 205070*z + 1117. Is n(1) a composite number?
True
Let o = 39583 - 23342. Suppose 11*p = -o + 93912. Is p prime?
False
Suppose -29*w + 36 = -17*w. Suppose 5*z - 2*y + 373 = 19758, 0 = -w*y. Is z composite?
False
Let i = 0 + -38. Is 781303/323 + (-4)/i prime?
False
Suppose -4*a = 0, -92518 = -3*j - a + 9041. Is j a composite number?
True
Let a = -1059654 - -2015231. Is a composite?
True
Suppose 3*x = 21, 40*x - 41*x + 39506 = r. Is r prime?
True
Suppose 12 = 3*l, -104272 = 14*k - 15*k - 2*l. Suppose k = -12*b + 20*b. Is b a composite number?
False
Suppose -2*c = -y - 2254470, -9*c + 14*c - 5636169 = 4*y. Is c prime?
False
Suppose s - 4*h + 2 = 21, 0 = 2*s + 3*h + 6. Le